[INFO] cloning repository https://github.com/jswrenn/midinet
[INFO] running `Command { std: "git" "-c" "credential.helper=" "-c" "credential.helper=/workspace/cargo-home/bin/git-credential-null" "clone" "--bare" "https://github.com/jswrenn/midinet" "/workspace/cache/git-repos/https%3A%2F%2Fgithub.com%2Fjswrenn%2Fmidinet", kill_on_drop: false }`
[INFO] [stderr] Cloning into bare repository '/workspace/cache/git-repos/https%3A%2F%2Fgithub.com%2Fjswrenn%2Fmidinet'...
[INFO] running `Command { std: "git" "rev-parse" "HEAD", kill_on_drop: false }`
[INFO] [stdout] f29b1b826ab8070fc0116200fbe293792a0cb1c2
[INFO] checking jswrenn/midinet against try#72f88fc4e9458f89516a0b8b0868f3718aec5b47 for pr-74989
[INFO] running `Command { std: "git" "clone" "/workspace/cache/git-repos/https%3A%2F%2Fgithub.com%2Fjswrenn%2Fmidinet" "/workspace/builds/worker-7/source", kill_on_drop: false }`
[INFO] [stderr] Cloning into '/workspace/builds/worker-7/source'...
[INFO] [stderr] done.
[INFO] validating manifest of git repo https://github.com/jswrenn/midinet on toolchain 72f88fc4e9458f89516a0b8b0868f3718aec5b47
[INFO] running `Command { std: "/workspace/cargo-home/bin/cargo" "+72f88fc4e9458f89516a0b8b0868f3718aec5b47" "read-manifest" "--manifest-path" "Cargo.toml", kill_on_drop: false }`
[INFO] started tweaking git repo https://github.com/jswrenn/midinet
[INFO] finished tweaking git repo https://github.com/jswrenn/midinet
[INFO] tweaked toml for git repo https://github.com/jswrenn/midinet written to /workspace/builds/worker-7/source/Cargo.toml
[INFO] crate git repo https://github.com/jswrenn/midinet already has a lockfile, it will not be regenerated
[INFO] running `Command { std: "/workspace/cargo-home/bin/cargo" "+72f88fc4e9458f89516a0b8b0868f3718aec5b47" "fetch" "--locked" "--manifest-path" "Cargo.toml", kill_on_drop: false }`
[INFO] running `Command { std: "docker" "create" "-v" "/var/lib/crater-agent-workspace/builds/worker-7/target:/opt/rustwide/target:rw,Z" "-v" "/var/lib/crater-agent-workspace/builds/worker-7/source:/opt/rustwide/workdir:ro,Z" "-v" "/var/lib/crater-agent-workspace/cargo-home:/opt/rustwide/cargo-home:ro,Z" "-v" "/var/lib/crater-agent-workspace/rustup-home:/opt/rustwide/rustup-home:ro,Z" "-e" "SOURCE_DIR=/opt/rustwide/workdir" "-e" "CARGO_TARGET_DIR=/opt/rustwide/target" "-e" "CARGO_HOME=/opt/rustwide/cargo-home" "-e" "RUSTUP_HOME=/opt/rustwide/rustup-home" "-w" "/opt/rustwide/workdir" "-m" "1610612736" "--user" "0:0" "--network" "none" "rustops/crates-build-env@sha256:d92eaeed33fa75130ca1ee6c8a01d1ffb62bac859dfdfb3450e3e5d1c0146529" "/opt/rustwide/cargo-home/bin/cargo" "+72f88fc4e9458f89516a0b8b0868f3718aec5b47" "metadata" "--no-deps" "--format-version=1", kill_on_drop: false }`
[INFO] [stdout] 62d6265a10f530ee474680266b96d2cb9cd32934de36f280ea310fab7c79539f
[INFO] [stderr] WARNING: Your kernel does not support swap limit capabilities or the cgroup is not mounted. Memory limited without swap.
[INFO] running `Command { std: "docker" "start" "-a" "62d6265a10f530ee474680266b96d2cb9cd32934de36f280ea310fab7c79539f", kill_on_drop: false }`
[INFO] running `Command { std: "docker" "inspect" "62d6265a10f530ee474680266b96d2cb9cd32934de36f280ea310fab7c79539f", kill_on_drop: false }`
[INFO] running `Command { std: "docker" "rm" "-f" "62d6265a10f530ee474680266b96d2cb9cd32934de36f280ea310fab7c79539f", kill_on_drop: false }`
[INFO] [stdout] 62d6265a10f530ee474680266b96d2cb9cd32934de36f280ea310fab7c79539f
[INFO] running `Command { std: "docker" "create" "-v" "/var/lib/crater-agent-workspace/builds/worker-7/target:/opt/rustwide/target:rw,Z" "-v" "/var/lib/crater-agent-workspace/builds/worker-7/source:/opt/rustwide/workdir:ro,Z" "-v" "/var/lib/crater-agent-workspace/cargo-home:/opt/rustwide/cargo-home:ro,Z" "-v" "/var/lib/crater-agent-workspace/rustup-home:/opt/rustwide/rustup-home:ro,Z" "-e" "SOURCE_DIR=/opt/rustwide/workdir" "-e" "CARGO_TARGET_DIR=/opt/rustwide/target" "-e" "CARGO_INCREMENTAL=0" "-e" "RUST_BACKTRACE=full" "-e" "RUSTFLAGS=--cap-lints=forbid" "-e" "CARGO_HOME=/opt/rustwide/cargo-home" "-e" "RUSTUP_HOME=/opt/rustwide/rustup-home" "-w" "/opt/rustwide/workdir" "-m" "1610612736" "--user" "0:0" "--network" "none" "rustops/crates-build-env@sha256:d92eaeed33fa75130ca1ee6c8a01d1ffb62bac859dfdfb3450e3e5d1c0146529" "/opt/rustwide/cargo-home/bin/cargo" "+72f88fc4e9458f89516a0b8b0868f3718aec5b47" "check" "--frozen" "--all" "--all-targets" "--message-format=json", kill_on_drop: false }`
[INFO] [stderr] WARNING: Your kernel does not support swap limit capabilities or the cgroup is not mounted. Memory limited without swap.
[INFO] [stdout] bdf5bdf81fb8fdf63c95db3c85192472f24de6b6903764c3d2b235a1e1187a71
[INFO] running `Command { std: "docker" "start" "-a" "bdf5bdf81fb8fdf63c95db3c85192472f24de6b6903764c3d2b235a1e1187a71", kill_on_drop: false }`
[INFO] [stderr]     Checking ansi_term v0.11.0
[INFO] [stderr]     Checking strsim v0.7.0
[INFO] [stderr]     Checking void v1.0.2
[INFO] [stderr]     Checking bitflags v0.9.1
[INFO] [stderr]     Checking bitflags v1.0.1
[INFO] [stderr]     Checking atty v0.2.8
[INFO] [stderr]    Compiling proc-macro2 v0.3.6
[INFO] [stderr]    Compiling alsa-sys v0.1.1
[INFO] [stderr]     Checking nix v0.9.0
[INFO] [stderr]     Checking clap v2.31.2
[INFO] [stderr]    Compiling quote v0.5.1
[INFO] [stderr]    Compiling syn v0.13.1
[INFO] [stderr]     Checking alsa v0.2.0
[INFO] [stderr]    Compiling structopt-derive v0.2.7
[INFO] [stderr]     Checking structopt v0.2.7
[INFO] [stderr]     Checking midinet v0.1.0 (/opt/rustwide/workdir)
[INFO] [stdout] error[E0658]: the `!` type is experimental
[INFO] [stdout]   --> src/bin/server.rs:20:37
[INFO] [stdout]    |
[INFO] [stdout] 20 | fn run(options : Options) -> Result<!, Box<Error>> {
[INFO] [stdout]    |                                     ^
[INFO] [stdout]    |
[INFO] [stdout]    = note: see issue #35121 <https://github.com/rust-lang/rust/issues/35121> for more information
[INFO] [stdout]    = help: add `#![feature(never_type)]` to the crate attributes to enable
[INFO] [stdout] 
[INFO] [stdout] 
[INFO] [stdout] warning: unused `#[macro_use]` import
[INFO] [stdout]  --> src/bin/server.rs:1:1
[INFO] [stdout]   |
[INFO] [stdout] 1 | #[macro_use] extern crate structopt;
[INFO] [stdout]   | ^^^^^^^^^^^^
[INFO] [stdout]   |
[INFO] [stdout]   = note: `#[warn(unused_imports)]` on by default
[INFO] [stdout] 
[INFO] [stdout] 
[INFO] [stdout] warning: trait objects without an explicit `dyn` are deprecated
[INFO] [stdout]   --> src/bin/server.rs:20:44
[INFO] [stdout]    |
[INFO] [stdout] 20 | fn run(options : Options) -> Result<!, Box<Error>> {
[INFO] [stdout]    |                                            ^^^^^ help: use `dyn`: `dyn Error`
[INFO] [stdout]    |
[INFO] [stdout]    = note: `#[warn(bare_trait_objects)]` on by default
[INFO] [stdout] 
[INFO] [stdout] 
[INFO] [stdout] error[E0658]: the `!` type is experimental
[INFO] [stdout]   --> src/bin/client.rs:38:38
[INFO] [stdout]    |
[INFO] [stdout] 38 | fn run(options : &Options) -> Result<!, Box<Error>> {
[INFO] [stdout]    |                                      ^
[INFO] [stdout]    |
[INFO] [stdout]    = note: see issue #35121 <https://github.com/rust-lang/rust/issues/35121> for more information
[INFO] [stdout]    = help: add `#![feature(never_type)]` to the crate attributes to enable
[INFO] [stdout] 
[INFO] [stdout] 
[INFO] [stdout] warning: unused `#[macro_use]` import
[INFO] [stdout]  --> src/bin/client.rs:1:1
[INFO] [stdout]   |
[INFO] [stdout] 1 | #[macro_use] extern crate structopt;
[INFO] [stdout]   | ^^^^^^^^^^^^
[INFO] [stdout]   |
[INFO] [stdout]   = note: `#[warn(unused_imports)]` on by default
[INFO] [stdout] 
[INFO] [stdout] 
[INFO] [stdout] warning: trait objects without an explicit `dyn` are deprecated
[INFO] [stdout]   --> src/bin/client.rs:27:44
[INFO] [stdout]    |
[INFO] [stdout] 27 |     -> Result<(Port, Vec<SocketAddr>), Box<Error>>
[INFO] [stdout]    |                                            ^^^^^ help: use `dyn`: `dyn Error`
[INFO] [stdout]    |
[INFO] [stdout]    = note: `#[warn(bare_trait_objects)]` on by default
[INFO] [stdout] 
[INFO] [stdout] 
[INFO] [stdout] warning: trait objects without an explicit `dyn` are deprecated
[INFO] [stdout]   --> src/bin/client.rs:38:45
[INFO] [stdout]    |
[INFO] [stdout] 38 | fn run(options : &Options) -> Result<!, Box<Error>> {
[INFO] [stdout]    |                                             ^^^^^ help: use `dyn`: `dyn Error`
[INFO] [stdout] 
[INFO] [stdout] 
[INFO] [stdout] error[E0658]: the `!` type is experimental
[INFO] [stdout]   --> src/bin/server.rs:20:37
[INFO] [stdout]    |
[INFO] [stdout] 20 | fn run(options : Options) -> Result<!, Box<Error>> {
[INFO] [stdout]    |                                     ^
[INFO] [stdout]    |
[INFO] [stdout]    = note: see issue #35121 <https://github.com/rust-lang/rust/issues/35121> for more information
[INFO] [stdout]    = help: add `#![feature(never_type)]` to the crate attributes to enable
[INFO] [stdout] 
[INFO] [stdout] 
[INFO] [stdout] warning: unused `#[macro_use]` import
[INFO] [stdout]  --> src/bin/server.rs:1:1
[INFO] [stdout]   |
[INFO] [stdout] 1 | #[macro_use] extern crate structopt;
[INFO] [stdout]   | ^^^^^^^^^^^^
[INFO] [stdout]   |
[INFO] [stdout]   = note: `#[warn(unused_imports)]` on by default
[INFO] [stdout] 
[INFO] [stdout] 
[INFO] [stdout] warning: trait objects without an explicit `dyn` are deprecated
[INFO] [stdout]   --> src/bin/server.rs:20:44
[INFO] [stdout]    |
[INFO] [stdout] 20 | fn run(options : Options) -> Result<!, Box<Error>> {
[INFO] [stdout]    |                                            ^^^^^ help: use `dyn`: `dyn Error`
[INFO] [stdout]    |
[INFO] [stdout]    = note: `#[warn(bare_trait_objects)]` on by default
[INFO] [stdout] 
[INFO] [stdout] 
[INFO] [stdout] error[E0658]: the `!` type is experimental
[INFO] [stdout]   --> src/bin/client.rs:38:38
[INFO] [stdout]    |
[INFO] [stdout] 38 | fn run(options : &Options) -> Result<!, Box<Error>> {
[INFO] [stdout]    |                                      ^
[INFO] [stdout]    |
[INFO] [stdout]    = note: see issue #35121 <https://github.com/rust-lang/rust/issues/35121> for more information
[INFO] [stdout]    = help: add `#![feature(never_type)]` to the crate attributes to enable
[INFO] [stdout] 
[INFO] [stdout] 
[INFO] [stdout] warning: unused `#[macro_use]` import
[INFO] [stdout]  --> src/bin/client.rs:1:1
[INFO] [stdout]   |
[INFO] [stdout] 1 | #[macro_use] extern crate structopt;
[INFO] [stdout]   | ^^^^^^^^^^^^
[INFO] [stdout]   |
[INFO] [stdout]   = note: `#[warn(unused_imports)]` on by default
[INFO] [stdout] 
[INFO] [stdout] 
[INFO] [stdout] warning: trait objects without an explicit `dyn` are deprecated
[INFO] [stdout]   --> src/bin/client.rs:27:44
[INFO] [stdout]    |
[INFO] [stdout] 27 |     -> Result<(Port, Vec<SocketAddr>), Box<Error>>
[INFO] [stdout]    |                                            ^^^^^ help: use `dyn`: `dyn Error`
[INFO] [stdout]    |
[INFO] [stdout]    = note: `#[warn(bare_trait_objects)]` on by default
[INFO] [stdout] 
[INFO] [stdout] 
[INFO] [stdout] warning: trait objects without an explicit `dyn` are deprecated
[INFO] [stdout]   --> src/bin/client.rs:38:45
[INFO] [stdout]    |
[INFO] [stdout] 38 | fn run(options : &Options) -> Result<!, Box<Error>> {
[INFO] [stdout]    |                                             ^^^^^ help: use `dyn`: `dyn Error`
[INFO] [stdout] 
[INFO] [stdout] 
[INFO] [stdout] error: aborting due to previous error; 2 warnings emitted
[INFO] [stdout] 
[INFO] [stdout] 
[INFO] [stdout] For more information about this error, try `rustc --explain E0658`.
[INFO] [stdout] 
[INFO] [stderr] error: could not compile `midinet`.
[INFO] [stderr] 
[INFO] [stderr] To learn more, run the command again with --verbose.
[INFO] [stderr] warning: build failed, waiting for other jobs to finish...
[INFO] [stdout] error: aborting due to previous error; 2 warnings emitted
[INFO] [stdout] 
[INFO] [stdout] 
[INFO] [stdout] For more information about this error, try `rustc --explain E0658`.
[INFO] [stdout] 
[INFO] [stdout] error: aborting due to previous error; 3 warnings emitted
[INFO] [stdout] 
[INFO] [stdout] 
[INFO] [stdout] For more information about this error, try `rustc --explain E0658`.
[INFO] [stdout] 
[INFO] [stdout] error: aborting due to previous error; 3 warnings emitted
[INFO] [stdout] 
[INFO] [stdout] 
[INFO] [stdout] For more information about this error, try `rustc --explain E0658`.
[INFO] [stdout] 
[INFO] [stderr] error: build failed
[INFO] running `Command { std: "docker" "inspect" "bdf5bdf81fb8fdf63c95db3c85192472f24de6b6903764c3d2b235a1e1187a71", kill_on_drop: false }`
[INFO] running `Command { std: "docker" "rm" "-f" "bdf5bdf81fb8fdf63c95db3c85192472f24de6b6903764c3d2b235a1e1187a71", kill_on_drop: false }`
[INFO] [stdout] bdf5bdf81fb8fdf63c95db3c85192472f24de6b6903764c3d2b235a1e1187a71
